201000
Convert 40036 (base 10) to base 5.
2240121
Convert 110110 (base 2) to base 8.
66
220202010 (base 3) to base 11
1260a
Convert -2122121020 (base 3) to base 13.
-1a9b2
Convert -17623 (base 10) to base 3.
-220011201
What is 267 (base 9) in base 7?
436
Convert 1fd (base 16) to base 8.
775
Convert -3c67 (base 14) to base 3.
-112122101
Convert -1211122 (base 3) to base 14.
-6ba
What is 5653 (base 8) in base 13?
148a
Convert -1241 (base 8) to base 16.
-2a1
What is 1120212222 (base 3) in base 8?
75041
What is -2b20 (base 15) in base 8?
-22047
1220112 (base 3) to base 7
4025
Convert -13052 (base 6) to base 14.
-a12
Convert 671 (base 14) to base 11.
a5a
What is -104223 (base 8) in base 10?
-34963
66 (base 9) to base 16
3c
111145 (base 6) to base 12
54b5
Convert -425 (base 8) to base 16.
-115
Convert 2a6 (base 13) to base 15.
219
What is -436c (base 16) in base 10?
-17260
Convert -2070 (base 8) to base 12.
-760
What is 2565 (base 12) in base 9?
5745
What is -65654 (base 7) in base 13?
-7649
-1652 (base 7) to base 5
-10144
Convert -198 (base 10) to base 16.
-c6
What is 3132232 (base 4) in base 9?
21487
What is -101330 (base 4) in base 11?
-954
What is 10101011010010 (base 2) in base 6?
122430
5e89 (base 15) to base 7
112521
Convert -ad6 (base 14) to base 12.
-12b0
Convert 1112312 (base 4) to base 5.
134213
Convert 24401 (base 6) to base 8.
7021
What is -15075 (base 9) in base 8?
-24042
1a1a (base 13) to base 11
2a35
14121 (base 6) to base 13
100c
Convert 246 (base 12) to base 14.
1a6
What is -627 (base 10) in base 13?
-393
-38818 (base 9) to base 8
-63104
-9085 (base 10) to base 13
-419b
What is -11021011 (base 3) in base 11?
-2377
Convert 7dc2 (base 15) to base 11.
190a2
Convert 21211201 (base 3) to base 11.
4327
363334 (base 7) to base 12
32264
Convert 1c0b1 (base 13) to base 12.
27a51
18 (base 10) to base 4
102
-13 (base 5) to base 16
-8
Convert -303220 (base 5) to base 7.
-40413
Convert 8768 (base 11) to base 4.
2310301
What is 2243 (base 5) in base 2?
101000011
-1ac (base 13) to base 10
-311
What is 734 (base 11) in base 13?
530
What is -6a17 (base 14) in base 10?
-18445
302030 (base 7) to base 5
3114003
-3aa8 (base 12) to base 13
-30c5
Convert -104634 (base 8) to base 4.
-20212130
-6e7 (base 16) to base 8
-3347
Convert 1190 (base 15) to base 5.
104420
What is 120400 (base 5) in base 8?
10573
17328 (base 12) to base 10
33296
What is -5ae1 (base 15) in base 13?
-8a55
-2030023 (base 5) to base 7
-165420
Convert 2138 (base 10) to base 15.
978
What is 11100000011 (base 2) in base 8?
3403
-1013035 (base 6) to base 5
-3023443
What is b40 (base 16) in base 5?
43010
What is -1214 (base 12) in base 7?
-5632
What is 1021000222 (base 3) in base 12?
12438
What is 37335 (base 8) in base 5?
1003333
-12320 (base 5) to base 13
-58b
What is 6614 (base 14) in base 11?
122a3
100121110 (base 3) to base 10
7005
Convert 5011 (base 10) to base 11.
3846
-40166 (base 8) to base 13
-7685
-144332 (base 8) to base 13
-1a533
f2 (base 16) to base 9
288
25124 (base 8) to base 5
321321
What is 181 (base 12) in base 16?
f1
Convert -2321 (base 6) to base 11.
-463
What is -111100011 (base 2) in base 5?
-3413
Convert 6506 (base 10) to base 11.
4985
-1202123 (base 5) to base 10
-22163
What is 51a (base 12) in base 4?
23212
Convert 34133 (base 5) to base 3.
10022120
What is 1102002 (base 3) in base 4?
100010
Convert 413112 (base 5) to base 14.
4d08
What is 3062 (base 16) in base 13?
583a
Convert -1210010 (base 3) to base 16.
-513
Convert 395 (base 13) to base 4.
21311
Convert -511 (base 12) to base 9.
-1004
Convert 5d5 (base 14) to base 9.
1536
Convert -23703 (base 9) to base 4.
-3320013
222110202 (base 3) to base 2
100101101100010
What is -4755 (base 13) in base 16?
-2739
-200012221 (base 3) to base 6
-141254
Convert -5b68 (base 13) to base 10.
-12930
Convert -1100010100111 (base 2) to base 8.
-14247
What is -101020102 (base 3) in base 2?
-1110100100111
-1240 (base 6) to base 11
-264
What is 1305b (base 12) in base 4?
12112013
What is 10133110 (base 4) in base 16?
47d4
What is 3571 (base 8) in base 12?
1135
Convert 30011333 (base 4) to base 8.
140577
What is 412422 (base 6) in base 2?
1000000011011110
-210241 (base 6) to base 5
-1020240
What is -3926 (base 12) in base 9?
-8833
Convert 513341 (base 7) to base 4.
111121121
Convert -10011110001 (base 2) to base 3.
-1201212
-1166 (base 8) to base 14
-330
472a (base 13) to base 14
390b
4887 (base 10) to base 11
3743
What is -eab (base 15) in base 9?
-4478
What is -ba8 (base 12) in base 9?
-2312
Convert -101010110000 (base 2) to base 5.
-41421
Convert -10100001010 (base 2) to base 13.
-783
Convert -44482 (base 10) to base 6.
-541534
What is 504 (base 15) in base 13?
68b
2c5 (base 13) to base 7
1312
What is -8c34 (base 14) in base 10?
-24350
11556 (base 10) to base 2
10110100100100
Convert -3131 (base 4) to base 3.
-22012
What is 45323 (base 7) in base 6?
125055
-3402 (base 9) to base 4
-213101
What is 9029 (base 11) in base 6?
131334
Convert 30135 (base 6) to base 8.
7553
Convert 259 (base 15) to base 6.
2250
-194 (base 16) to base 9
-488
Convert 1102 (base 5) to base 11.
129
Convert 60a (base 13) to base 9.
1357
Convert 12435 (base 6) to base 14.
995
4251 (base 7) to base 16
5e2
What is 103020 (base 4) in base 5?
14344
Convert -12020 (base 4) to base 8.
-610
Convert -1692 (base 13) to base 14.
-12dc
Convert 448 (base 15) to base 11.
800
172 (base 15) to base 3
110022
Convert -11101 (base 7) to base 8.
-5352
2331 (base 5) to base 13
203
What is 959 (base 14) in base 9?
2467
-253126 (base 7) to base 12
-23051
Convert -1342 (base 7) to base 9.
-637
-49a (base 11) to base 12
-415
-50443 (base 7) to base 12
-70b4
-26023 (base 8) to base 9
-16426
What is 39c (base 16) in base 11?
770
Convert 4502 (base 15) to base 7.
60434
-106513 (base 7) to base 3
-222020011
Convert 11254 (base 6) to base 14.
838
Convert 1021002 (base 3) to base 6.
4132
Convert -11616 (base 9) to base 11.
-5943
Convert 28c0 (base 15) to base 14.
3278
3652 (base 8) to base 6
13030
Convert 16b (base 15) to base 11.
277
7ad (base 14) to base 15
6ba
-7a1 (base 16) to base 10
-1953
What is 675 (base 9) in base 11?
464
Convert -761 (base 9) to base 13.
-38b
What is 976 (base 11) in base 16?
494
Convert 10541 (base 8) to base 3.
20002210
Convert 45aa (base 15) to base 11.
10121
-754 (base 12) to base 8
-2060
-10001110 (base 2) to base 6
-354
What is 1194 (base 10) in base 2?
10010101010
What is -450033 (base 6) in base 14?
-d9c1
1001100011110 (base 2) to base 14
1ad8
Convert -485 (base 9) to base 7.
-1112
-332012 (base 5) to base 16
-2cf3
What is -2726 (base 14) in base 12?
-3ba6
-2125 (base 13) to base 8
-10762
What is 29d4 (base 14) in base 4?
1310032
What is 2859 (base 10) in base 6?
21123
1677 (base 8) to base 6
4235
What is 2516 (base 10) in base 13?
11b7
-5754 (base 14) to base 12
-893a
What is -11511 (base 8) in base 9?
-6685
What is 30054 (base 7) in base 16?
1c4a
What is b2b (base 12) in base 7?
4502
-21000212 (base 3) to base 16
-1406
What is 10110 (base 2) in base 7?
31
What is 505c (base 14) in base 16?
35ea
Convert -14457 (base 8) to base 10.
-6447
Convert 2221 (base 9) to base 5.
23024
Convert -35035 (base 7) to base 12.
-5214
30003 (base 4) to base 13
474
What is 14122 (base 7) in base 4?
323332
Convert 10432 (base 10) to base 6.
120144
What is -982 (base 12) in base 14?
-718
What is -1935 (base 15) in base 4?
-1111022
Convert -113101 (base 4) to base 9.
-2034
732 (base 16) to base 4
130302
575 (base 13) to base 5
12231
Convert 21212 (base 4) to base 5.
4424
What is 21003210 (base 4) in base 15?
aecc
Convert -435 (base 11) to base 7.
-1344
40412 (base 6) to base 16
14d8
100010110 (base 2) to base 16
116
Convert 18266 (base 9) to base 4.
3011013
Convert 995 (base 15) to base 3.
2222012
What is 205 (base 8) in base 14?
97
Convert d2d (base 15) to base 13.
1474
Convert 120 (base 7) to base 9.
70
Convert -511 (base 11) to base 8.
-1151
-3978 (base 13) to base 5
-230321
What is -2133 (base 4) in base 3?
-12220
Convert -5156 (base 7) to base 3.
-2110212
Convert -120103 (base 9) to base 10.
-72255
-131514 (base 7) to base 3
-1020202110
Convert -872 (base 9) to base 7.
-2036
320330 (base 4) to base 15
112e
What is a988 (base 12) in base 14?
6b44
-494 (base 13) to base